3, 41
What are the prime factors of 10646?
2, 5323
What are the prime factors of 67347?
3, 7, 1069
What are the prime factors of 61467?
3, 7, 2927
List the prime factors of 7285.
5, 31, 47
List the prime factors of 11508.
2, 3, 7, 137
What are the prime factors of 628?
2, 157
List the prime factors of 14849.
31, 479
What are the prime factors of 176?
2, 11
What are the prime factors of 860?
2, 5, 43
List the prime factors of 98.
2, 7
List the prime factors of 71783.
23, 3121
What are the prime factors of 116?
2, 29
List the prime factors of 10802.
2, 11, 491
What are the prime factors of 1666?
2, 7, 17
List the prime factors of 47.
47
What are the prime factors of 89456?
2, 5591
List the prime factors of 1303.
1303
List the prime factors of 23442.
2, 3, 3907
What are the prime factors of 7751?
23, 337
What are the prime factors of 324?
2, 3
What are the prime factors of 693?
3, 7, 11
What are the prime factors of 52854?
2, 3, 23, 383
List the prime factors of 9870.
2, 3, 5, 7, 47
What are the prime factors of 3051?
3, 113
What are the prime factors of 9927?
3, 1103
What are the prime factors of 56466?
2, 3, 3137
List the prime factors of 14418.
2, 3, 89
What are the prime factors of 79628?
2, 17, 1171
What are the prime factors of 460?
2, 5, 23
List the prime factors of 3064.
2, 383
List the prime factors of 34002.
2, 3, 1889
List the prime factors of 1678.
2, 839
What are the prime factors of 1601?
1601
What are the prime factors of 2683?
2683
List the prime factors of 1084.
2, 271
What are the prime factors of 1191?
3, 397
List the prime factors of 6622.
2, 7, 11, 43
List the prime factors of 1589.
7, 227
List the prime factors of 20773.
20773
What are the prime factors of 186?
2, 3, 31
List the prime factors of 1001.
7, 11, 13
List the prime factors of 1687.
7, 241
What are the prime factors of 10704?
2, 3, 223
What are the prime factors of 2111?
2111
List the prime factors of 19.
19
List the prime factors of 15506.
2, 7753
List the prime factors of 33820.
2, 5, 19, 89
List the prime factors of 2909.
2909
List the prime factors of 16502.
2, 37, 223
List the prime factors of 751.
751
List the prime factors of 5113.
5113
List the prime factors of 2848.
2, 89
What are the prime factors of 87?
3, 29
What are the prime factors of 759?
3, 11, 23
List the prime factors of 347.
347
What are the prime factors of 67374?
2, 3, 19, 197
List the prime factors of 306.
2, 3, 17
What are the prime factors of 142?
2, 71
What are the prime factors of 20752?
2, 1297
List the prime factors of 32121.
3, 43, 83
List the prime factors of 4284.
2, 3, 7, 17
What are the prime factors of 4887?
3, 181
List the prime factors of 23697.
3, 2633
List the prime factors of 6460.
2, 5, 17, 19
List the prime factors of 1244.
2, 311
What are the prime factors of 20375?
5, 163
What are the prime factors of 2027?
2027
List the prime factors of 3918.
2, 3, 653
List the prime factors of 5142.
2, 3, 857
What are the prime factors of 26393?
26393
What are the prime factors of 1419?
3, 11, 43
What are the prime factors of 35052?
2, 3, 23, 127
List the prime factors of 17285.
5, 3457
List the prime factors of 15270.
2, 3, 5, 509
What are the prime factors of 56414?
2, 67, 421
List the prime factors of 80532.
2, 3, 2237
List the prime factors of 1155.
3, 5, 7, 11
What are the prime factors of 7916?
2, 1979
List the prime factors of 914.
2, 457
What are the prime factors of 41885?
5, 8377
List the prime factors of 9069.
3, 3023
What are the prime factors of 1207?
17, 71
List the prime factors of 3925.
5, 157
What are the prime factors of 7577?
7577
What are the prime factors of 7518?
2, 3, 7, 179
List the prime factors of 21034.
2, 13, 809
List the prime factors of 9884.
2, 7, 353
List the prime factors of 1457.
31, 47
List the prime factors of 1796.
2, 449
List the prime factors of 13038.
2, 3, 41, 53
List the prime factors of 16036.
2, 19, 211
List the prime factors of 1164.
2, 3, 97
What are the prime factors of 7041?
3, 2347
What are the prime factors of 1999?
1999
List the prime factors of 487.
487
What are the prime factors of 911?
911
List the prime factors of 42544.
2, 2659
What are the prime factors of 1441?
11, 131
List the prime factors of 22.
2, 11
List the prime factors of 16942.
2, 43, 197
What are the prime factors of 5836?
2, 1459
What are the prime factors of 5606?
2, 2803
List the prime factors of 1001.
7, 11, 13
What are the prime factors of 53830?
2, 5, 7, 769
List the prime factors of 605.
5, 11
List the prime factors of 3459.
3, 1153
List the prime factors of 1632.
2, 3, 17
What are the prime factors of 42023?
42023
What are the prime factors of 1897?
7, 271
List the prime factors of 423.
3, 47
List the prime factors of 35283.
3, 19, 619
List the prime factors of 320.
2, 5
List the prime factors of 1881.
3, 11, 19
What are the prime factors of 2218?
2, 1109
What are the prime factors of 1114?
2, 557
List the prime factors of 2220.
2, 3, 5, 37
What are the prime factors of 22389?
3, 17, 439
What are the prime factors of 1506?
2, 3, 251
List the prime factors of 60147.
3, 41, 163
What are the prime factors of 10819?
31, 349
List the prime factors of 1260.
2, 3, 5, 7
List the prime factors of 6588.
2, 3, 61
List the prime factors of 4584.
2, 3, 191
List the prime factors of 2034.
2, 3, 113
What are the prime factors of 2486?
2, 11, 113
List the prime factors of 1348.
2, 337
What are the prime factors of 4761?
3, 23
What are the prime factors of 10?
2, 5
List the prime factors of 13017.
3, 4339
List the prime factors of 112340.
2, 5, 41, 137
List the prime factors of 5099.
5099
List the prime factors of 1121.
19, 59
List the prime factors of 467.
467
What are the prime factors of 56377?
56377
List the prime factors of 88760.
2, 5, 7, 317
What are the prime factors of 33672?
2, 3, 23, 61
List the prime factors of 12513.
3, 43, 97
List the prime factors of 457.
457
What are the prime factors of 19521?
3, 241
List the prime factors of 80503.
19, 223
List the prime factors of 3066.
2, 3, 7, 73
What are the prime factors of 340?
2, 5, 17
List the prime factors of 2195.
5, 439
What are the prime factors of 2051?
7, 293
List the prime factors of 225.
3, 5
What are the prime factors of 38992?
2, 2437
List the prime factors of 20763.
3, 769
What are the prime factors of 7154?
2, 7, 73
What are the prime factors of 5957?
7, 23, 37
What are the prime factors of 12034?
2, 11, 547
List the prime factors of 25172.
2, 7, 29, 31
List the prime factors of 23148.
2, 3, 643
What are the prime factors of 31444?
2, 7, 1123
What are the prime factors of 2469?
3, 823
List the prime factors of 24841.
24841
What are the prime factors of 565?
5, 113
List the prime factors of 3021.
3, 19, 53
What are the prime factors of 20855?
5, 43, 97
What are the prime factors of 6575?
5, 263
List the prime factors of 3728.
2, 233
List the prime factors of 459.
3, 17
List the prime factors of 3846.
2, 3, 641
List the prime factors of 2500.
2, 5
What are the prime factors of 2958?
2, 3, 17, 29
List the prime factors of 774.
2, 3, 43
List the prime factors of 17750.
2, 5, 71
List the prime factors of 3277.
29, 113
List the prime factors of 3872.
2, 11
What are the prime factors of 8416?
2, 263
What are the prime factors of 4054?
2, 2027
List the prime factors of 183175.
5, 17, 431
What are the prime factors of 2367?
3, 263
List the prime factors of 3067.
3067
What are the prime factors of 417?
3, 139
List the prime factors of 111307.
7, 15901
What are the prime factors of 367?
367
List the prime factors of 85.
5, 17
What are the prime factors of 637?
7, 13
List the prime factors of 11884.
2, 2971
What are the prime factors of 5729?
17, 337
What are the prime factors of 7713?
3, 857
What are the prime factors of 35537?
35537
List the prime factors of 856.
2, 107
What are the prime factors of 69743?
97, 719
List the prime factors of 937.
937
List the prime factors of 18413.
18413
List the prime factors of 4935.
3, 5, 7, 47
What are the prime factors of 35012?
2, 8753
List the prime factors of 4642.
2, 11, 211
List the prime factors of 193938.
2, 3, 32323
What are the prime factors of 537?
3, 179
List the prime factors of 2854.
2, 1427
What are the prime factors of 22736?
2, 7, 29
List the prime factors of 